[INFO] cloning repository https://github.com/JoshMcguigan/traffic
[INFO] running `Command { std: "git" "-c" "credential.helper=" "-c" "credential.helper=/workspace/cargo-home/bin/git-credential-null" "clone" "--bare" "https://github.com/JoshMcguigan/traffic" "/workspace/cache/git-repos/https%3A%2F%2Fgithub.com%2FJoshMcguigan%2Ftraffic", kill_on_drop: false }`
[INFO] [stderr] Cloning into bare repository '/workspace/cache/git-repos/https%3A%2F%2Fgithub.com%2FJoshMcguigan%2Ftraffic'...
[INFO] running `Command { std: "git" "rev-parse" "HEAD", kill_on_drop: false }`
[INFO] [stdout] be54421388b6db3a0bf0f657600b49b74b9de824
[INFO] checking JoshMcguigan/traffic against master#e6e4f7ed1589e03bc2f6c5931c1a72e7947e8682 for beta-170-4
[INFO] running `Command { std: "git" "clone" "/workspace/cache/git-repos/https%3A%2F%2Fgithub.com%2FJoshMcguigan%2Ftraffic" "/workspace/builds/worker-2-tc2/source", kill_on_drop: false }`
[INFO] [stderr] Cloning into '/workspace/builds/worker-2-tc2/source'...
[INFO] [stderr] done.
[INFO] validating manifest of git repo https://github.com/JoshMcguigan/traffic on toolchain e6e4f7ed1589e03bc2f6c5931c1a72e7947e8682
[INFO] running `Command { std: CARGO_HOME="/workspace/cargo-home" RUSTUP_HOME="/workspace/rustup-home" "/workspace/cargo-home/bin/cargo" "+e6e4f7ed1589e03bc2f6c5931c1a72e7947e8682" "metadata" "--manifest-path" "Cargo.toml" "--no-deps", kill_on_drop: false }`
[INFO] started tweaking git repo https://github.com/JoshMcguigan/traffic
[INFO] finished tweaking git repo https://github.com/JoshMcguigan/traffic
[INFO] tweaked toml for git repo https://github.com/JoshMcguigan/traffic written to /workspace/builds/worker-2-tc2/source/Cargo.toml
[INFO] crate git repo https://github.com/JoshMcguigan/traffic already has a lockfile, it will not be regenerated
[INFO] running `Command { std: CARGO_HOME="/workspace/cargo-home" RUSTUP_HOME="/workspace/rustup-home" "/workspace/cargo-home/bin/cargo" "+e6e4f7ed1589e03bc2f6c5931c1a72e7947e8682" "fetch" "--manifest-path" "Cargo.toml", kill_on_drop: false }`
[INFO] running `Command { std: "docker" "create" "-v" "/var/lib/crater-agent-workspace/builds/worker-2-tc2/target:/opt/rustwide/target:rw,Z" "-v" "/var/lib/crater-agent-workspace/builds/worker-2-tc2/source:/opt/rustwide/workdir:ro,Z" "-v" "/var/lib/crater-agent-workspace/cargo-home:/opt/rustwide/cargo-home:ro,Z" "-v" "/var/lib/crater-agent-workspace/rustup-home:/opt/rustwide/rustup-home:ro,Z" "-e" "SOURCE_DIR=/opt/rustwide/workdir" "-e" "CARGO_TARGET_DIR=/opt/rustwide/target" "-e" "CARGO_HOME=/opt/rustwide/cargo-home" "-e" "RUSTUP_HOME=/opt/rustwide/rustup-home" "-w" "/opt/rustwide/workdir" "-m" "1610612736" "--user" "0:0" "--network" "none" "ghcr.io/rust-lang/crates-build-env/linux@sha256:5ff2268d62e97bff2cde7d5815dd6ed5b47097566f13b8d0ca110b04b60e07ed" "/opt/rustwide/cargo-home/bin/cargo" "+e6e4f7ed1589e03bc2f6c5931c1a72e7947e8682" "metadata" "--no-deps" "--format-version=1", kill_on_drop: false }`
[INFO] [stdout] 28a83e1381ec1a80fb92d316e3d175d42af2a3ae02073bc5f3258a96b850bf33
[INFO] running `Command { std: "docker" "start" "-a" "28a83e1381ec1a80fb92d316e3d175d42af2a3ae02073bc5f3258a96b850bf33", kill_on_drop: false }`
[INFO] running `Command { std: "docker" "inspect" "28a83e1381ec1a80fb92d316e3d175d42af2a3ae02073bc5f3258a96b850bf33", kill_on_drop: false }`
[INFO] running `Command { std: "docker" "rm" "-f" "28a83e1381ec1a80fb92d316e3d175d42af2a3ae02073bc5f3258a96b850bf33", kill_on_drop: false }`
[INFO] [stdout] 28a83e1381ec1a80fb92d316e3d175d42af2a3ae02073bc5f3258a96b850bf33
[INFO] running `Command { std: "docker" "create" "-v" "/var/lib/crater-agent-workspace/builds/worker-2-tc2/target:/opt/rustwide/target:rw,Z" "-v" "/var/lib/crater-agent-workspace/builds/worker-2-tc2/source:/opt/rustwide/workdir:ro,Z" "-v" "/var/lib/crater-agent-workspace/cargo-home:/opt/rustwide/cargo-home:ro,Z" "-v" "/var/lib/crater-agent-workspace/rustup-home:/opt/rustwide/rustup-home:ro,Z" "-e" "SOURCE_DIR=/opt/rustwide/workdir" "-e" "CARGO_TARGET_DIR=/opt/rustwide/target" "-e" "CARGO_INCREMENTAL=0" "-e" "RUST_BACKTRACE=full" "-e" "RUSTFLAGS=--cap-lints=forbid" "-e" "RUSTDOCFLAGS=--cap-lints=forbid" "-e" "CARGO_HOME=/opt/rustwide/cargo-home" "-e" "RUSTUP_HOME=/opt/rustwide/rustup-home" "-w" "/opt/rustwide/workdir" "-m" "1610612736" "--user" "0:0" "--network" "none" "ghcr.io/rust-lang/crates-build-env/linux@sha256:5ff2268d62e97bff2cde7d5815dd6ed5b47097566f13b8d0ca110b04b60e07ed" "/opt/rustwide/cargo-home/bin/cargo" "+e6e4f7ed1589e03bc2f6c5931c1a72e7947e8682" "check" "--frozen" "--all" "--all-targets" "--message-format=json", kill_on_drop: false }`
[INFO] [stdout] 3428cf3e5899826211e69ee77448fb3108e88f55219287f5a8d7bc0db972e9f1
[INFO] running `Command { std: "docker" "start" "-a" "3428cf3e5899826211e69ee77448fb3108e88f55219287f5a8d7bc0db972e9f1", kill_on_drop: false }`
[INFO] [stderr]    Compiling libc v0.2.49
[INFO] [stderr]     Checking cfg-if v0.1.3
[INFO] [stderr]     Checking futures v0.1.25
[INFO] [stderr]    Compiling version_check v0.1.3
[INFO] [stderr]    Compiling byteorder v1.3.1
[INFO] [stderr]    Compiling autocfg v0.1.2
[INFO] [stderr]     Checking rand_core v0.4.0
[INFO] [stderr]    Compiling num-traits v0.2.4
[INFO] [stderr]     Checking lazycell v0.6.0
[INFO] [stderr]     Checking nodrop v0.1.12
[INFO] [stderr]     Checking memoffset v0.2.1
[INFO] [stderr]     Checking scopeguard v0.3.3
[INFO] [stderr]    Compiling cc v1.0.15
[INFO] [stderr]    Compiling pkg-config v0.3.11
[INFO] [stderr]    Compiling num-integer v0.1.38
[INFO] [stderr]    Compiling siphasher v0.2.2
[INFO] [stderr]     Checking crossbeam-utils v0.6.5
[INFO] [stderr]     Checking log v0.4.6
[INFO] [stderr]     Checking fnv v1.0.6
[INFO] [stderr]     Checking arrayvec v0.4.7
[INFO] [stderr]    Compiling openssl v0.9.24
[INFO] [stderr]    Compiling serde v1.0.59
[INFO] [stderr]     Checking rand_core v0.3.1
[INFO] [stderr]     Checking rand_jitter v0.1.3
[INFO] [stderr]     Checking dtoa v0.4.2
[INFO] [stderr]     Checking rand_xorshift v0.1.1
[INFO] [stderr]     Checking rand_isaac v0.1.1
[INFO] [stderr]    Compiling unicase v1.4.2
[INFO] [stderr]     Checking rand_hc v0.1.0
[INFO] [stderr]     Checking crossbeam-epoch v0.7.1
[INFO] [stderr]     Checking crossbeam-queue v0.1.2
[INFO] [stderr]    Compiling rand_pcg v0.1.2
[INFO] [stderr]    Compiling rand_chacha v0.1.1
[INFO] [stderr]    Compiling rand v0.6.5
[INFO] [stderr]    Compiling unicase v2.1.0
[INFO] [stderr]     Checking bitflags v0.9.1
[INFO] [stderr]    Compiling num-iter v0.1.37
[INFO] [stderr]     Checking scoped-tls v0.1.2
[INFO] [stderr]     Checking crossbeam-deque v0.7.1
[INFO] [stderr]    Compiling gcc v0.3.54
[INFO] [stderr]     Checking unicode-bidi v0.3.4
[INFO] [stderr]    Compiling proc-macro2 v0.3.8
[INFO] [stderr]    Compiling phf_shared v0.7.22
[INFO] [stderr]    Compiling crc32fast v1.1.2
[INFO] [stderr]     Checking try-lock v0.1.0
[INFO] [stderr]     Checking safemem v0.3.0
[INFO] [stderr]     Checking lazy_static v0.2.11
[INFO] [stderr]     Checking unicode-normalization v0.1.7
[INFO] [stderr]     Checking unicode-width v0.1.5
[INFO] [stderr]     Checking base64 v0.9.3
[INFO] [stderr]    Compiling proc-macro2 v0.4.3
[INFO] [stderr]     Checking itoa v0.4.1
[INFO] [stderr]     Checking textwrap v0.9.0
[INFO] [stderr]     Checking mime v0.3.7
[INFO] [stderr]     Checking bitflags v1.0.3
[INFO] [stderr]    Compiling rand v0.4.2
[INFO] [stderr]    Compiling quote v0.5.2
[INFO] [stderr]     Checking iovec v0.1.2
[INFO] [stderr]     Checking net2 v0.2.32
[INFO] [stderr]     Checking rand_os v0.1.2
[INFO] [stderr]     Checking tokio-executor v0.1.6
[INFO] [stderr]     Checking num_cpus v1.8.0
[INFO] [stderr]    Compiling openssl-sys v0.9.42
[INFO] [stderr]     Checking bytes v0.4.11
[INFO] [stderr]     Checking time v0.1.40
[INFO] [stderr]     Checking tokio-sync v0.1.3
[INFO] [stderr]     Checking tokio-current-thread v0.1.5
[INFO] [stderr]     Checking tokio-timer v0.2.10
[INFO] [stderr]     Checking mio v0.6.14
[INFO] [stderr]    Compiling rust-crypto v0.2.36
[INFO] [stderr]     Checking futures-cpupool v0.1.8
[INFO] [stderr]     Checking num-complex v0.1.43
[INFO] [stderr]     Checking relay v0.1.1
[INFO] [stderr]     Checking tokio-io v0.1.12
[INFO] [stderr]     Checking want v0.0.4
[INFO] [stderr]     Checking tokio-service v0.1.0
[INFO] [stderr]     Checking atty v0.2.10
[INFO] [stderr]     Checking strsim v0.7.0
[INFO] [stderr]     Checking ansi_term v0.11.0
[INFO] [stderr]    Compiling encoding_rs v0.8.17
[INFO] [stderr]     Checking httparse v1.2.4
[INFO] [stderr]     Checking num-bigint v0.1.44
[INFO] [stderr]     Checking rand v0.3.22
[INFO] [stderr]    Compiling phf_generator v0.7.22
[INFO] [stderr]     Checking num-traits v0.1.43
[INFO] [stderr]    Compiling quote v0.6.2
[INFO] [stderr]    Compiling phf_codegen v0.7.22
[INFO] [stderr]     Checking clap v2.31.2
[INFO] [stderr]    Compiling syn v0.13.11
[INFO] [stderr]     Checking dbus v0.2.3
[INFO] [stderr]     Checking rust-gmp v0.3.2
[INFO] [stderr]     Checking tokio-codec v0.1.1
[INFO] [stderr]     Checking phf v0.7.22
[INFO] [stderr]     Checking tokio-reactor v0.1.1
[INFO] [stderr]     Checking mio-uds v0.6.7
[INFO] [stderr] The following warnings were emitted during compilation:
[INFO] [stderr] 
[INFO] [stderr] warning: build/expando.c:4:24: error: pasting "RUST_VERSION_OPENSSL_" and "(" does not give a valid preprocessing token
[INFO] [stderr] warning:     4 | #define VERSION2(n, v) RUST_VERSION_##n##_##v
[INFO] [stderr] warning:       |                        ^~~~~~~~~~~~~
[INFO] [stderr] warning: build/expando.c:5:23: note: in expansion of macro 'VERSION2'
[INFO] [stderr] warning:     5 | #define VERSION(n, v) VERSION2(n, v)
[INFO] [stderr] warning:       |                       ^~~~~~~~
[INFO] [stderr] warning: build/expando.c:10:1: note: in expansion of macro 'VERSION'
[INFO] [stderr] warning:    10 | VERSION(OPENSSL, OPENSSL_VERSION_NUMBER)
[INFO] [stderr] warning:       | ^~~~~~~
[INFO] [stderr] 
[INFO] [stderr] error: failed to run custom build command for `openssl-sys v0.9.42`
[INFO] [stderr] note: To improve backtraces for build dependencies, set the CARGO_PROFILE_DEV_BUILD_OVERRIDE_DEBUG=true environment variable to enable debug information generation.
[INFO] [stderr] 
[INFO] [stderr] Caused by:
[INFO] [stderr]   process didn't exit successfully: `/opt/rustwide/target/debug/build/openssl-sys-d8554ea8328c7d5c/build-script-main` (exit status: 101)
[INFO] [stderr]   --- stdout
[INFO] [stderr]   cargo:rustc-cfg=const_fn
[INFO] [stderr]   cargo:rerun-if-env-changed=X86_64_UNKNOWN_LINUX_GNU_OPENSSL_LIB_DIR
[INFO] [stderr]   X86_64_UNKNOWN_LINUX_GNU_OPENSSL_LIB_DIR unset
[INFO] [stderr]   cargo:rerun-if-env-changed=OPENSSL_LIB_DIR
[INFO] [stderr]   OPENSSL_LIB_DIR unset
[INFO] [stderr]   cargo:rerun-if-env-changed=X86_64_UNKNOWN_LINUX_GNU_OPENSSL_INCLUDE_DIR
[INFO] [stderr]   X86_64_UNKNOWN_LINUX_GNU_OPENSSL_INCLUDE_DIR unset
[INFO] [stderr]   cargo:rerun-if-env-changed=OPENSSL_INCLUDE_DIR
[INFO] [stderr]   OPENSSL_INCLUDE_DIR unset
[INFO] [stderr]   cargo:rerun-if-env-changed=X86_64_UNKNOWN_LINUX_GNU_OPENSSL_DIR
[INFO] [stderr]   X86_64_UNKNOWN_LINUX_GNU_OPENSSL_DIR unset
[INFO] [stderr]   cargo:rerun-if-env-changed=OPENSSL_DIR
[INFO] [stderr]   OPENSSL_DIR unset
[INFO] [stderr]   cargo:rustc-link-lib=ssl
[INFO] [stderr]   cargo:rustc-link-lib=crypto
[INFO] [stderr]   OPT_LEVEL = Some("0")
[INFO] [stderr]   TARGET = Some("x86_64-unknown-linux-gnu")
[INFO] [stderr]   HOST = Some("x86_64-unknown-linux-gnu")
[INFO] [stderr]   TARGET = Some("x86_64-unknown-linux-gnu")
[INFO] [stderr]   TARGET = Some("x86_64-unknown-linux-gnu")
[INFO] [stderr]   HOST = Some("x86_64-unknown-linux-gnu")
[INFO] [stderr]   CC_x86_64-unknown-linux-gnu = None
[INFO] [stderr]   CC_x86_64_unknown_linux_gnu = None
[INFO] [stderr]   HOST_CC = None
[INFO] [stderr]   CC = None
[INFO] [stderr]   HOST = Some("x86_64-unknown-linux-gnu")
[INFO] [stderr]   TARGET = Some("x86_64-unknown-linux-gnu")
[INFO] [stderr]   HOST = Some("x86_64-unknown-linux-gnu")
[INFO] [stderr]   CFLAGS_x86_64-unknown-linux-gnu = None
[INFO] [stderr]   CFLAGS_x86_64_unknown_linux_gnu = None
[INFO] [stderr]   HOST_CFLAGS = None
[INFO] [stderr]   CFLAGS = None
[INFO] [stderr]   DEBUG = Some("true")
[INFO] [stderr]   running: "cc" "-O0" "-ffunction-sections" "-fdata-sections" "-fPIC" "-g" "-m64" "-Wall" "-Wextra" "-E" "build/expando.c"
[INFO] [stderr]   cargo:warning=build/expando.c:4:24: error: pasting "RUST_VERSION_OPENSSL_" and "(" does not give a valid preprocessing token
[INFO] [stderr]   cargo:warning=    4 | #define VERSION2(n, v) RUST_VERSION_##n##_##v
[INFO] [stderr]   cargo:warning=      |                        ^~~~~~~~~~~~~
[INFO] [stderr]   cargo:warning=build/expando.c:5:23: note: in expansion of macro 'VERSION2'
[INFO] [stderr]   cargo:warning=    5 | #define VERSION(n, v) VERSION2(n, v)
[INFO] [stderr]   cargo:warning=      |                       ^~~~~~~~
[INFO] [stderr]   cargo:warning=build/expando.c:10:1: note: in expansion of macro 'VERSION'
[INFO] [stderr]   cargo:warning=   10 | VERSION(OPENSSL, OPENSSL_VERSION_NUMBER)
[INFO] [stderr]   cargo:warning=      | ^~~~~~~
[INFO] [stderr]   exit status: 1
[INFO] [stderr] 
[INFO] [stderr]   --- stderr
[INFO] [stderr]   thread 'main' panicked at '
[INFO] [stderr]   Header expansion error:
[INFO] [stderr]   Error { kind: ToolExecError, message: "Command \"cc\" \"-O0\" \"-ffunction-sections\" \"-fdata-sections\" \"-fPIC\" \"-g\" \"-m64\" \"-Wall\" \"-Wextra\" \"-E\" \"build/expando.c\" with args \"cc\" did not execute successfully (status code exit status: 1)." }
[INFO] [stderr] 
[INFO] [stderr]   Failed to find OpenSSL development headers.
[INFO] [stderr] 
[INFO] [stderr]   You can try fixing this setting the `OPENSSL_DIR` environment variable
[INFO] [stderr]   pointing to your OpenSSL installation or installing OpenSSL headers package
[INFO] [stderr]   specific to your distribution:
[INFO] [stderr] 
[INFO] [stderr]       # On Ubuntu
[INFO] [stderr]       sudo apt-get install libssl-dev
[INFO] [stderr]       # On Arch Linux
[INFO] [stderr]       sudo pacman -S openssl
[INFO] [stderr]       # On Fedora
[INFO] [stderr]       sudo dnf install openssl-devel
[INFO] [stderr] 
[INFO] [stderr]   See rust-openssl README for more information:
[INFO] [stderr] 
[INFO] [stderr]       https://github.com/sfackler/rust-openssl#linux
[INFO] [stderr]   ', /opt/rustwide/cargo-home/registry/src/index.crates.io-6f17d22bba15001f/openssl-sys-0.9.42/build/main.rs:126:13
[INFO] [stderr]   stack backtrace:
[INFO] [stderr]      0:     0x55a856b2dc51 - std::backtrace_rs::backtrace::libunwind::trace::ha9d9de1bf4176bfa
[INFO] [stderr]                                  at /rustc/e6e4f7ed1589e03bc2f6c5931c1a72e7947e8682/library/std/src/../../backtrace/src/backtrace/libunwind.rs:93:5
[INFO] [stderr]      1:     0x55a856b2dc51 - std::backtrace_rs::backtrace::trace_unsynchronized::h165c36ef694ada1c
[INFO] [stderr]                                  at /rustc/e6e4f7ed1589e03bc2f6c5931c1a72e7947e8682/library/std/src/../../backtrace/src/backtrace/mod.rs:66:5
[INFO] [stderr]      2:     0x55a856b2dc51 - std::sys_common::backtrace::_print_fmt::h4d89c7ce1e89b43d
[INFO] [stderr]                                  at /rustc/e6e4f7ed1589e03bc2f6c5931c1a72e7947e8682/library/std/src/sys_common/backtrace.rs:65:5
[INFO] [stderr]      3:     0x55a856b2dc51 - <std::sys_common::backtrace::_print::DisplayBacktrace as core::fmt::Display>::fmt::hfc68e8a2f3b7b37c
[INFO] [stderr]                                  at /rustc/e6e4f7ed1589e03bc2f6c5931c1a72e7947e8682/library/std/src/sys_common/backtrace.rs:44:22
[INFO] [stderr]      4:     0x55a856b4fb3f - core::fmt::rt::Argument::fmt::hc7dd5538f3de21b7
[INFO] [stderr]                                  at /rustc/e6e4f7ed1589e03bc2f6c5931c1a72e7947e8682/library/core/src/fmt/rt.rs:138:9
[INFO] [stderr]      5:     0x55a856b4fb3f - core::fmt::write::hac9705ca9b43c249
[INFO] [stderr]                                  at /rustc/e6e4f7ed1589e03bc2f6c5931c1a72e7947e8682/library/core/src/fmt/mod.rs:1094:21
[INFO] [stderr]      6:     0x55a856b2b3e1 - std::io::Write::write_fmt::h7bc9466b47d6774b
[INFO] [stderr]                                  at /rustc/e6e4f7ed1589e03bc2f6c5931c1a72e7947e8682/library/std/src/io/mod.rs:1713:15
[INFO] [stderr]      7:     0x55a856b2da65 - std::sys_common::backtrace::_print::h03072469d8150f3e
[INFO] [stderr]                                  at /rustc/e6e4f7ed1589e03bc2f6c5931c1a72e7947e8682/library/std/src/sys_common/backtrace.rs:47:5
[INFO] [stderr]      8:     0x55a856b2da65 - std::sys_common::backtrace::print::hd0f67791f02b87ae
[INFO] [stderr]                                  at /rustc/e6e4f7ed1589e03bc2f6c5931c1a72e7947e8682/library/std/src/sys_common/backtrace.rs:34:9
[INFO] [stderr]      9:     0x55a856b2f137 - std::panicking::default_hook::{{closure}}::h7c8ccb2c703d1528
[INFO] [stderr]     10:     0x55a856b2ef24 - std::panicking::default_hook::h770c31d58b53801e
[INFO] [stderr]                                  at /rustc/e6e4f7ed1589e03bc2f6c5931c1a72e7947e8682/library/std/src/panicking.rs:288:9
[INFO] [stderr]     11:     0x55a856b2f5ec - std::panicking::rust_panic_with_hook::hb50e58c42f5187f2
[INFO] [stderr]                                  at /rustc/e6e4f7ed1589e03bc2f6c5931c1a72e7947e8682/library/std/src/panicking.rs:705:13
[INFO] [stderr]     12:     0x55a856b2f4e7 - std::panicking::begin_panic_handler::{{closure}}::h4d6093b91efbd52e
[INFO] [stderr]                                  at /rustc/e6e4f7ed1589e03bc2f6c5931c1a72e7947e8682/library/std/src/panicking.rs:597:13
[INFO] [stderr]     13:     0x55a856b2e086 - std::sys_common::backtrace::__rust_end_short_backtrace::h318963d1ef4510cb
[INFO] [stderr]                                  at /rustc/e6e4f7ed1589e03bc2f6c5931c1a72e7947e8682/library/std/src/sys_common/backtrace.rs:151:18
[INFO] [stderr]     14:     0x55a856b2f232 - rust_begin_unwind
[INFO] [stderr]                                  at /rustc/e6e4f7ed1589e03bc2f6c5931c1a72e7947e8682/library/std/src/panicking.rs:593:5
[INFO] [stderr]     15:     0x55a856aa2693 - core::panicking::panic_fmt::h6ce9f4b93775846b
[INFO] [stderr]                                  at /rustc/e6e4f7ed1589e03bc2f6c5931c1a72e7947e8682/library/core/src/panicking.rs:67:14
[INFO] [stderr]     16:     0x55a856aa6bdb - build_script_main::validate_headers::h8a14a7462e2549bf
[INFO] [stderr]     17:     0x55a856aac7ea - build_script_main::find::try_pkg_config::h2ce610886775d4dd
[INFO] [stderr]     18:     0x55a856aab67a - build_script_main::find::find_openssl_dir::h5b9f26b83a24ed17
[INFO] [stderr]     19:     0x55a856aab4c2 - build_script_main::find::get_openssl::{{closure}}::hdcdc2ea2fedd97a9
[INFO] [stderr]     20:     0x55a856aadde9 - core::option::Option<T>::unwrap_or_else::h12eb0e448853e184
[INFO] [stderr]     21:     0x55a856aab2b1 - build_script_main::find::get_openssl::ha0bee299a4aa5699
[INFO] [stderr]     22:     0x55a856aa4805 - build_script_main::main::h3229b0975071a0b1
[INFO] [stderr]     23:     0x55a856aa94d3 - core::ops::function::FnOnce::call_once::hf745376afa62d11f
[INFO] [stderr]     24:     0x55a856aadbc6 - std::sys_common::backtrace::__rust_begin_short_backtrace::h0cc4b8cfd8afe8ff
[INFO] [stderr]     25:     0x55a856aa8009 - std::rt::lang_start::{{closure}}::h20d87ac78023f076
[INFO] [stderr]     26:     0x55a856b27995 - core::ops::function::impls::<impl core::ops::function::FnOnce<A> for &F>::call_once::hb332f02ff9fc81e2
[INFO] [stderr]                                  at /rustc/e6e4f7ed1589e03bc2f6c5931c1a72e7947e8682/library/core/src/ops/function.rs:284:13
[INFO] [stderr]     27:     0x55a856b27995 - std::panicking::try::do_call::hed879afea606d968
[INFO] [stderr]                                  at /rustc/e6e4f7ed1589e03bc2f6c5931c1a72e7947e8682/library/std/src/panicking.rs:500:40
[INFO] [stderr]     28:     0x55a856b27995 - std::panicking::try::h395a878f3e4bd2f0
[INFO] [stderr]                                  at /rustc/e6e4f7ed1589e03bc2f6c5931c1a72e7947e8682/library/std/src/panicking.rs:464:19
[INFO] [stderr]     29:     0x55a856b27995 - std::panic::catch_unwind::hb44b6ea043448d57
[INFO] [stderr]                                  at /rustc/e6e4f7ed1589e03bc2f6c5931c1a72e7947e8682/library/std/src/panic.rs:142:14
[INFO] [stderr]     30:     0x55a856b27995 - std::rt::lang_start_internal::{{closure}}::h6184ba9e5b3e5fbf
[INFO] [stderr]                                  at /rustc/e6e4f7ed1589e03bc2f6c5931c1a72e7947e8682/library/std/src/rt.rs:148:48
[INFO] [stderr]     31:     0x55a856b27995 - std::panicking::try::do_call::h8b2c97d4d3608274
[INFO] [stderr]                                  at /rustc/e6e4f7ed1589e03bc2f6c5931c1a72e7947e8682/library/std/src/panicking.rs:500:40
[INFO] [stderr]     32:     0x55a856b27995 - std::panicking::try::hfa4cc536e097f1fe
[INFO] [stderr]                                  at /rustc/e6e4f7ed1589e03bc2f6c5931c1a72e7947e8682/library/std/src/panicking.rs:464:19
[INFO] [stderr]     33:     0x55a856b27995 - std::panic::catch_unwind::ha3e2192625bb4844
[INFO] [stderr]                                  at /rustc/e6e4f7ed1589e03bc2f6c5931c1a72e7947e8682/library/std/src/panic.rs:142:14
[INFO] [stderr]     34:     0x55a856b27995 - std::rt::lang_start_internal::hbd6687884d030770
[INFO] [stderr]                                  at /rustc/e6e4f7ed1589e03bc2f6c5931c1a72e7947e8682/library/std/src/rt.rs:148:20
[INFO] [stderr]     35:     0x55a856aa7fe7 - std::rt::lang_start::h7a9b54b523b4fe29
[INFO] [stderr]     36:     0x55a856aa78e5 - main
[INFO] [stderr]     37:     0x7f87d74bfd90 - <unknown>
[INFO] [stderr]     38:     0x7f87d74bfe40 - __libc_start_main
[INFO] [stderr]     39:     0x55a856aa2e25 - _start
[INFO] [stderr]     40:                0x0 - <unknown>
[INFO] [stderr] warning: build failed, waiting for other jobs to finish...
[INFO] running `Command { std: "docker" "inspect" "3428cf3e5899826211e69ee77448fb3108e88f55219287f5a8d7bc0db972e9f1", kill_on_drop: false }`
[INFO] running `Command { std: "docker" "rm" "-f" "3428cf3e5899826211e69ee77448fb3108e88f55219287f5a8d7bc0db972e9f1", kill_on_drop: false }`
[INFO] [stdout] 3428cf3e5899826211e69ee77448fb3108e88f55219287f5a8d7bc0db972e9f1
